ate the greatest common factor of l and 16.
16
Let n(o) = 29*o - 18. Let s be n(3). Suppose -208 = s*t - 70*t. Let k = -42 + 55. What is the greatest common divisor of k and t?
13
Suppose 21*o = 18*o + 24. Suppose 0 = -o*u + 10*u + 4. Let q be u/(3 + (3/(-60) - 3)). What is the highest common factor of 5 and q?
5
Let j = 104 + -106. Let f be (324/24)/(j/4*-1). Suppose r + r = 432. Calculate the highest common factor of f and r.
27
Suppose -9*a + 29*a = -9991 + 10251. Calculate the highest common divisor of 12233 and a.
13
Let b(g) = 5*g - 23. Let r be b(5). Suppose -1 = -r*n + 3. Suppose 0 = -h - 5*x + 28, x - n*x - 68 = -3*h. Calculate the highest common factor of 207 and h.
23
Let k(s) be the first derivative of 6*s**2 - 135*s - 96. Let h be k(14). Calculate the greatest common factor of h and 33.
33
Suppose -p = 2*z - 15146, -19*p = -15*p - 24. Calculate the greatest common divisor of 10 and z.
10
Let j(t) = 36*t**2 + 6*t + 3. Let q be j(-2). Let s be ((-120)/(-28))/((-170)/(-84) - 2). What is the greatest common factor of q and s?
45
Let n(t) = -t**3 - 14*t**2 + 18*t + 49. Let i be n(-16). What is the highest common divisor of i and 156?
39
Suppose 0 = -w + 2*b - 6*b - 8, 0 = 4*w - 5*b + 11. Let n be (6/4)/((-3)/w). Calculate the greatest common factor of 18 and n.
2
Let f = -7850 - -7876. Let v be (-33)/(-4) + (-2)/8. Let g = f - v. What is the highest common divisor of g and 30?
6
Suppose 195 = -6*g + 21*g. Let n = 99 + -19. Suppose -g*u + 5*u + n = 0. What is the highest common factor of u and 4?
2
Suppose -84 + 604 = 8*c. Let f(j) = 2*j**3 + 11*j**2 - 10*j + 28. Let m be f(-6). Calculate the highest common divisor of c and m.
13
Let i = 477 - 390. Suppose 7*d - 689 = -i. Calculate the highest common divisor of d and 258.
86
Suppose 7010 + 2966 = 14*b + 2*n, b - 728 = -4*n. Calculate the greatest common factor of 104 and b.
8
Let x(q) = -q - 2*q - 5*q + 32 - 17. Let y be x(-10). What is the greatest common divisor of y and 38?
19
Let y = 11119 - 10318. What is the highest common divisor of y and 45?
9
Let c = -319 - -331. Let k(x) = 2*x**2 + 21*x - 92. Let s be k(-16). Calculate the highest common factor of c and s.
12
Suppose 0 = 2*u + 2*u - 424. Let h = 2768 - 2608. Suppose -4*l = -20, 4*l + u = 2*w - h. Calculate the highest common divisor of w and 13.
13
Let n(a) = 19*a - 336. Let r(c) = 2*c**2 - 15*c + 37. Let y be r(6). Let l be n(y). Calculate the highest common factor of 25 and l.
25
Let d be ((-13 - 189) + -2)/(-4). Calculate the highest common factor of d and 3621.
51
Suppose -5*m - 8*v + 4677 = -7*v, 2*m - 2*v = 1866. Calculate the highest common divisor of 40 and m.
5
Let a(c) = -6*c**2 - 321*c + 174. Let z be a(-54). What is the greatest common divisor of z and 636?
12
Let b(k) = -k + 2. Let c(y) = -10*y + 208. Let u(f) = 2*b(f) + c(f). Let a be u(16). Calculate the greatest common divisor of a and 1160.
20
Let h be (-2)/4*(47 + -53). Suppose 2*k + 6 = 0, -x + 4*k + 45 = h*k. Calculate the greatest common divisor of x and 105.
21
Suppose 4*l = v + 655, -l + 2*l = -3*v + 167. Calculate the greatest common factor of l and 3362.
82
Let v = -138 + 142. Suppose v*k = 2*f + 5*k - 44, k = -3*f + 66. Calculate the greatest common divisor of 22 and f.
22
Let a(g) = g + 9. Let w be a(-5). Let y be (1*(-30 + w))/(-1 - 0). Suppose -29*i + 492 = -y*i. Calculate the greatest common factor of i and 41.
41
Suppose -168 = -10*u + 8*u. Suppose 0 = 11*s + 4*n - 116, -4 = -s - n + 4. Calculate the greatest common divisor of u and s.
12
Let y(f) = 49*f + 2. Let u be y(4). Let r = -462 + 464. Suppose 14 + 34 = r*l + i, i + 40 = 2*l. Calculate the highest common factor of u and l.
22
Let k = -95427 + 95455. Suppose i + i = 12. What is the highest common divisor of k and i?
2
Suppose 16 + 2 = -k + 3*v, 4*v = 16. Let r(t) = -28*t - 12. Let c be r(k). Calculate the greatest common divisor of c and 36.
12
Suppose 29*a - 2556 = -7*a. Let w(z) = 35*z**3 - 2*z**2 - 4*z + 8. Let v be w(3). Calculate the highest common factor of a and v.
71
Let c(l) = 183*l - 2871. Let i be c(21). What is the highest common divisor of i and 3456?
108
Suppose 18 = 3*y, -2*y - 1559 = -3*g + 79. What is the greatest common divisor of g and 110?
110
Let y = -4101 - -4191. Calculate the greatest common divisor of 20 and y.
10
Let z = -346 - -201. Let q = 40 - z. Let r(x) = -20*x + 14. Let g be r(-3). Calculate the highest common factor of g and q.
37
Let x(z) = 2*z**2 - 4*z + 2. Let b be x(4). Let w = -26693 - -26695. Calculate the highest common divisor of b and w.
2
Suppose -4*l = -3*z + 201, 6*z = 5*l + 5*z + 265. Let f be 62 - -1*(-4)/2. Let o = f + l. What is the greatest common factor of o and 12?
6
Let i = 358 + -356. Suppose 605 = i*g + 577. Let j = 44 - 30. Calculate the highest common divisor of j and g.
14
Let z(q) = q**2 - 53*q + 724. Let c be z(18). What is the greatest common factor of c and 9494?
94
Let p(c) = 19*c**3 + c**2 + c + 1. Let w be p(-1). Let g = w - -73. Suppose -57*h + g*h = -232. Calculate the greatest common divisor of 29 and h.
29
Let k = 416 + 32. Suppose -m = -5*m + k. Let p(b) = 2*b**2 - 5*b - 9. Let t be p(5). Calculate the highest common factor of m and t.
16
Suppose -3*o + 2*l = -4*o + 78, -4*l + 88 = o. Suppose 4*w = 3*q - 8, 5*q - 67 + 19 = -2*w. What is the greatest common factor of o and w?
4
Let t(u) = 97*u**2 + 85*u + 84. Let l be t(-1). What is the greatest common divisor of 176 and l?
16
Let q(a) = a - 3. Let i be q(5). Let v(j) = 3*j**i - 2*j**2 + 0*j**2 - 7*j + 4. Let t be v(8). What is the greatest common factor of 30 and t?
6
Suppose 0 = 5*s + 122 + 18. Let c = s + 44. Let i = 8229 - 8149. What is the greatest common divisor of c and i?
16
Suppose 1536 = -z + 1832. Calculate the greatest common divisor of z and 666.
74
Let s = -230 - -234. Suppose -m = s*l - 16, 4*m + l + 41 - 165 = 0. What is the highest common divisor of m and 224?
32
Let i be 159591/234 + (-16)/96 - (-4)/26. What is the greatest common factor of 217 and i?
31
Let j = -129 - -369. Let i(a) = 11*a**2 + 18*a + 22. Let z be i(-2). Calculate the greatest common divisor of j and z.
30
Let i(r) = -r**2 + 4*r + 1. Let g(f) = f**2 + 6*f - 37. Let t be g(4). Let h be i(t). What is the highest common factor of 10 and h?
2
Suppose 0 = -4*g - 4, -21 - 22 = -2*s + g. Let f = 1620 - 759. Calculate the greatest common divisor of s and f.
21
Suppose -d - 4 = 0, -2*i = -d + 2*d - 196. Let p = 68 - i. Let y = -4 - p. Calculate the highest common factor of 7 and y.
7
Suppose -23*d = 8*d - 10602. What is the greatest common factor of 162 and d?
18
Suppose 5*h - 81 = -h - 63. What is the greatest common factor of 14 and h?
1
Let g(i) = -2*i + 15. Let r be g(4). Let o be 824/(-120) + 7 - 84/(-45). What is the highest common factor of r and o?
1
Let r be (1 - 3) + 5 + 16. Suppose 2*p + 10*i - 25 = 5*i, i - 20 = -p. Suppose p = -5*n, 5*m + 0*n - 4*n = 115. What is the greatest common divisor of m and r?
19
Let c(m) = -14*m - 2. Let y(v) = v**3 + 3*v**2 - v + 8. Let w be y(-4). Let k be c(w). Let x = k - -155. What is the greatest common factor of x and 19?
19
Suppose 13*q - 4880 = -27*q. Let a = q + -88. What is the greatest common factor of 850 and a?
34
Let w be (-252)/84*(-44 - 1). Suppose 2*k - 375 = 5*d, -9*k + d + 903 = -4*k. What is the highest common factor of w and k?
45
Let v be (-93)/124 - (-11)/4. Suppose 0 = 3*y + v*y - 3*u - 34, 2*u = -y - 1. What is the greatest common divisor of 265 and y?
5
Suppose 560*l + 4*r = 563*l - 78, r - 153 = -5*l. What is the highest common divisor of 660 and l?
30
Let c be (-3 - 39/7)*(18 - (-693)/(-14)). What is the highest common factor of 945 and c?
135
Let q = 3435 - 2127. Calculate the greatest common divisor of q and 12.
12
Suppose -31 + 169 = 6*b. Let o(l) = l**2 - l + 89. Let x be o(-14). Calculate the highest common divisor of b and x.
23
Let c(q) = -18*q + 102. Let o be c(8). Let i be 271*1 + -6*(-7)/o. What is the highest common divisor of i and 108?
54
Suppose -8*t + 3*t - 5*u + 2275 = 0, -2*t - 5*u = -925. Let b = 137 + -134. Let a = b - -47. What is the highest common factor of a and t?
50
Let m be 0/(-67) + (-46)/2. Let x be (-451)/(-9) + m/207. Calculate the highest common factor of 30 and x.
10
Let k be (5 - 4/4) + 2. 